uppose -x + 4*x + 5*j - 1703 = 0, -x - 2*j + 569 = h. What is the units digit of x?
1
Suppose 0 = -144*x - 70*x + 6624156. What is the thousands digit of x?
0
Let o = 1508 + 1242. What is the hundreds digit of o?
7
Let u be 2 - (-7 - (-9 + 5)). Suppose -4*p = 2*b - 684, u*b + 329 = 2*p + 11. Let z = -102 + p. What is the tens digit of z?
6
Let z be 1/((-2)/((-560)/(-5))). What is the tens digit of 1805/2 - 28/z?
0
Let d(n) = 275*n**2 - 330*n + 1949. What is the thousands digit of d(6)?
9
Let b = 3090 + -1305. Let t = b - 1172. What is the hundreds digit of t?
6
Suppose 3*m - 4 = 8. Suppose 3*f - m = -13. What is the units digit of -4 - f - -1 - -41?
1
Let j = -561 + 578. Suppose j*n - 23772 = -25*n. What is the tens digit of n?
6
Let a(g) = -38*g**3 + 6*g**2 - 4*g - 10. Let x be a(-3). Suppose 1153 + x = 5*t. What is the hundreds digit of t?
4
Suppose 54 = 13*m - 4*m. Suppose 2*g = m*g - i + 124, -5*i = g + 10. What is the tens digit of (-40)/g - (-575)/3?
9
Suppose 28 = x + 30, 2*o - 5*x = 3248. What is the tens digit of o?
1
Suppose -170381 - 2645 = -65*z + 281324. What is the thousands digit of z?
6
Suppose -27*p = -30*p - 24. Let a(q) = -q**2 - 7*q + 10. Let s be a(p). Suppose 5*n = -5*j + 150, s*j - 34 = n + 11. What is the units digit of j?
5
What is the tens digit of (-831460)/(-22) - (-296)/814?
9
Let o(l) = -l**2 - 25*l - 3. Let y(h) be the second derivative of h**2 - 29*h. Let s(j) = o(j) - 5*y(j). What is the tens digit of s(-11)?
4
Let y(b) = -4*b**3 - 12*b**2 - 2*b + 19. Let x be y(-8). Suppose -368*j + 367*j + x = 0. What is the units digit of j?
5
Let x be (338/(-4) + -7)*4. Let l = 1134 + x. What is the units digit of l?
8
Suppose -1516*t + 1529*t = 433368. What is the thousands digit of t?
3
What is the tens digit of (-1424)/((192/84)/(-16))?
6
Let k be 2/(-7) + ((-9)/(-7) - 0). Suppose -g = -2*g - k. What is the units digit of 10*1/(g*6/(-27))?
5
Let l = 8714 - 3346. What is the tens digit of l?
6
Suppose -4*y - 5312 - 1672 = 0. Let b = y - -2888. What is the thousands digit of b?
1
Let x be (-3 + 2)/((-1)/(-8)). What is the units digit of 1356/10 - x/20?
6
Let z(t) = -14*t - 69. Let s be z(-6). Suppose 4241 + 6694 = s*b. What is the units digit of b?
9
Let z(p) = 2*p + 22. Let v be z(-9). Suppose v*j = -j - 5*n + 3920, -2*n + 3136 = 4*j. What is the units digit of j?
4
Suppose 4*b + 11 + 29 = 0. Let l be (-6)/b - (-17)/5. Let i(c) = 2*c**2 + c - 4. What is the units digit of i(l)?
2
Suppose -24745 = -217*x + 210*x. What is the hundreds digit of x?
5
Let c be (-4)/(-18) - 4060/45. Let p = 1860 + -1767. Let i = p + c. What is the units digit of i?
3
Let j be ((-72)/(-84))/(3/6657). Suppose -2*a + 1243 = -2*f - 3*f, 0 = 3*a + 5*f - j. What is the units digit of a?
9
Suppose 3*z = -z + 24. Suppose -z*k - 4*k - 30 = 0. Let q(s) = 12*s**2 - 2. What is the units digit of q(k)?
6
Let w be ((-27100)/(-75))/(-1 + (-2)/(-6)). Let b = w - -1124. What is the tens digit of b?
8
Suppose -1667 = -3*d + 2*w, -2*w = -2*d - w + 1110. What is the tens digit of -2 + ((-2)/4 - d/(-2))?
7
Suppose -6*z - 28400 = -q - 2*z, -4*q - 5*z = -113600. Suppose -q = -5*r - 15*r. What is the hundreds digit of r?
4
Suppose -2*l = 3*n - 25200, -42*l + 43*l - 2*n - 12579 = 0. What is the thousands digit of l?
2
Suppose 4*v = 4*u - 15664, -v + 17696 = 3*u + 5952. What is the thousands digit of u?
3
Suppose 3*b + b + c + 5 = 0, -3*c + 3 = 3*b. Let r be 6/b*(-1)/3. What is the tens digit of 9 + 2/(r - -1)?
1
Let p be (-5*4/30)/((-4)/(-4386)). Let k = p - -1099. What is the hundreds digit of k?
3
Let p = 188871 - 125099. What is the thousands digit of p?
3
Suppose -3*s - 46 + 61 = 0. Suppose -5*v + 2487 + 388 = 5*q, -q + 2863 = s*v. What is the hundreds digit of v?
5
Let l(a) = -407*a - 17. Let o(v) = 407*v + 18. Let c(m) = -4*l(m) - 3*o(m). What is the tens digit of c(1)?
2
Let i = 34447 - 21996. What is the tens digit of i?
5
Suppose -5*h + 65 = -3*i, 5 = -0*h - h - 3*i. Let f = 15 - h. Suppose f*p - 88 = 197. What is the tens digit of p?
5
Let d be (-11 - -1)/(2/(-37)). Suppose -310*t + 311*t - 106 = 0. Let k = d - t. What is the units digit of k?
9
What is the units digit of 3/(-21) - (-517220)/77?
7
Let a = 73 - 70. Let w(i) = 12*i**3 + 7*i - 4. What is the hundreds digit of w(a)?
3
Suppose 30*d = 31*d - 18. Let s = 19 - d. What is the tens digit of 3/(((-4)/(-44))/s)?
3
Let c(i) be the first derivative of i**3 + i**2/2 + 65*i - 40. What is the units digit of c(11)?
9
What is the tens digit of 15/(-20) + (-158256)/(-64)?
7
Let a be ((-3200)/(-96))/((-1)/(-6)). Suppose 0 = 3*h + 2*h. Suppose h = -3*v + 196 + a. What is the units digit of v?
2
Let k be -20 + 2 - (-17 - -20). Let i(g) = -2*g + 86. What is the units digit of i(k)?
8
Let q = -71954 + 129374. What is the ten thousands digit of q?
5
Suppose -12 = -y - 2*n, -2*y - 2*n = -3 - 19. What is the hundreds digit of 4*(-4 + y/2) - -156?
1
Suppose 20*g - 164514 = -3*g + 2*g. What is the hundreds digit of g?
8
Let u(t) = 5*t**2 + 22*t + 3. Let i be u(-15). Let f = i - -684. What is the tens digit of f?
8
Let a(g) = g**3 + 44*g**2 + 47*g + 403. What is the tens digit of a(-23)?
3
Suppose 2*q = -5*q + 70. Let d be (-60)/(-100) + 34/q. Suppose -3*j + 130 = d*w, 0 = -2*w + w - 2*j + 35. What is the units digit of w?
1
What is the units digit of 4 + 7764 - -14 - -5?
7
What is the thousands digit of (0 + 8538/(-8))/((-24)/128)?
5
Let q = -214 + 212. What is the units digit of (q - 13/(-5))*455?
3
Let w = 8856 + -3052. What is the units digit of w?
4
Let h be (-629)/(-2)*(-158 + 2/1). Let l be (-1)/(-4) + (h/(-8))/13. Suppose 4*q + l = 4*s + 6*q, -s + 4*q = -127. What is the hundreds digit of s?
1
What is the thousands digit of (-477246)/(-35) + 8/(320/(-24))?
3
Let g be 10/6*(2 + -2 - -1029). Suppose 5*b + 5*l - g = 7*l, 1695 = 5*b + 2*l. What is the tens digit of b?
4
Let w = 135346 + -76782. What is the tens digit of w?
6
What is the units digit of (0 + 13*6/18)/(2/1338)?
9
Suppose f - 23626 = -3*f - 3*z, 4*f - 16*z - 23664 = 0. What is the units digit of f?
8
Suppose 0 = -31*k - 3*k + 301113 + 34263. What is the hundreds digit of k?
8
Suppose -84*u = -79*u - 5*f - 50050, -9995 = -u - 4*f. What is the hundreds digit of u?
0
Suppose 5*y - 3*i - i = -52, 23 = -4*y - 3*i. Let a be 711/18*(-1 + (1 - y)). Suppose a = 2*j + 3*b, 5*b + 632 = 4*j - 0*b. What is the hundreds digit of j?
1
What is the tens digit of 816/(15/(-910)*-7)?
7
Suppose -26*l - 1748 = -30*l. Suppose 4*p - y + 10 = l, -4*p - 4*y = -452. Let z = 200 - p. What is the tens digit of z?
9
What is the hundreds digit of (-3063540)/(-210)*(-14)/(-4)?
0
Let g be 3/((-60)/4) - (-12)/10. Let a be -1 + -1 + 13/g. Suppose 202 = a*f - 10*f. What is the hundreds digit of f?
2
Suppose -40*i - 39408 = -21*i - 31*i. What is the hundreds digit of i?
2
Suppose 31*z - 274417 = 139278. What is the thousands digit of z?
3
Let r = -3993 + 32428. Suppose -46*o + 93*o - r = 0. What is the tens digit of o?
0
Let a(h) = 81*h - 21. Suppose 3*l - 5 = -2*q, 5*l + 0*q - 45 = 4*q. Let g be a(l). Let n = -231 + g. What is the units digit of n?
3
Let n(b) = -11*b - 5 - 20*b - 15*b + 2*b**2 - 5*b**3 + 48*b. Let u(j) = j**3 - j + 1. Let a(z) = -n(z) - 2*u(z). What is the units digit of a(3)?
6
Suppose 16 = -39*f + 47*f. Suppose 85*j - 80*j = -f*w + 8010, 2*w - 10 = 0. What is the units digit of j?
0
Let k be -4*(-42)/(-18)*(-3)/2. What is the units digit of (-1995)/(-2) + (-7)/k?
7
Let y(h) = h**2 - 3*h + 46. Let j(t) = -t**2 + 2*t - 45. Let f(r) = -7*j(r) - 6*y(r). What is the tens digit of f(-4)?
3
Suppose -v + 55 - 10 = 0. Suppose 5*s = -5*u + v, 3*u - 15 = -0*u + s. Suppose -40 = 2*x - u*x. What is the units digit of x?
0
Let q = 25610 + -8555. What is the thousands digit of q?
7
Let g(j) = 75*j**2 + 4*j - 4. Let t = -44 - -45. What is the tens digit of g(t)?
7
Let m = -2077 - -4548. Suppose 10*o - m = 749. What is the hundreds digit of o?
3
Let i(f) = -f**3 + 10*f**2 - 16*f + 65. Let n be i(9). Let k be 4/((-4)/3 - -2). Suppose -5*m + k*m - 26 = -h, n*m - 67 = -5*h. What is the units digit of m?
1
Let z(f) = -7*f + 19. Suppose 25 = 7*a - 31. Let r be z(a). Let i = 78 + r. What is the units digit of i?
1
Let o(i) = 4194*i**3 - 2*i**2 + 1. Let g be o(1). Suppose 0 = 18*u - 25*u + 